 be w(8). Suppose h + p = 90. Is h composite?
False
Let v be -2 + 13/(-2)*2. Let o = -10 - v. Suppose -3*x + 140 = 5*h, -o*x - 26 = -1. Is h prime?
True
Suppose -4*y = -y - 3396. Is y/3 + 2/(-6) composite?
True
Suppose -6715 = -6*p + 191. Is p composite?
False
Let b(w) = 2*w**3 - 10*w**2 + 8*w - 1. Let s = -9 - -15. Is b(s) a prime number?
False
Let u = 2 + -1. Let s(c) = 21*c**3 + c**2 - 2*c + 1. Is s(u) a prime number?
False
Let c be 2/3*(-6 + 9). Suppose -5*o = -4*l + 245, -o = -c*l + 39 + 88. Is l prime?
False
Is 4588/32 + 6/(-16) a composite number?
True
Suppose -2*o - w + 26 = -115, -73 = -o + 2*w. Let z = o + -36. Is z a prime number?
False
Let z(k) = 177*k. Is z(1) prime?
False
Suppose 11 = -3*u - 5*h, 0 = -2*u - 2*h - 2. Suppose u*n + n - 204 = 0. Is n composite?
True
Let v(x) = -8*x + 1. Is v(-8) prime?
False
Let n = -4 + 7. Is (-1)/n - 741/(-9) composite?
True
Suppose -3*m + 88 = 2*h, -h + 0*h = m - 31. Is m prime?
False
Suppose 5*v = -152 + 487. Is v a composite number?
False
Suppose 0 = 3*p - 6 - 0. Suppose -p*d = 5*t - 21, -4*d = -6*t + 4*t + 18. Let g(u) = 2*u**3 - 6*u**2 - u - 6. Is g(t) a prime number?
True
Let d = -209 - 176. Suppose -3*i - 532 = 3*n - 8*i, -4*n = 3*i + 690. Let p = n - d. Is p prime?
True
Let b be 2/8 - 46/(-8). Let y be (-1922)/(-5) + b/10. Suppose 4*n = -n + y. Is n prime?
False
Suppose 2*f - 4*b = 4658, -f + 607 = b - 1728. Is f composite?
False
Let o(d) be the first derivative of -2 + 2*d**2 + 1/3*d**3 - 7*d. Is o(6) a composite number?
False
Let v be 16*(2 + 9/(-6)). Suppose 3*n - v*n + 20 = 0. Let g(u) = u**2 + u + 1. Is g(n) composite?
True
Is (-7)/((-63)/6)*33 a prime number?
False
Suppose 0*j - 92 = 2*j. Let c = j - -125. Is c a prime number?
True
Is (-3)/(1 - 16/14) composite?
True
Let z = -26 + 17. Let p be -2*79 - 2 - 0. Is 3/z + p/(-3) a composite number?
False
Is -3779*-3*(-5)/(-15) composite?
False
Suppose -3*z + 2*x = -1311, 3*z + 5*x + 0*x - 1332 = 0. Is z a composite number?
False
Suppose q - 701 = -4*q + 3*i, 413 = 3*q + 2*i. Is q a prime number?
True
Let p(f) = -4*f + 14*f - 3 + 8*f - 6. Let i be p(-10). Let j = i + 268. Is j a composite number?
False
Suppose 4*t - 179 = 5*n, -n = -4*n - 9. Let i(z) = 12*z**3 - z + 1. Let o be i(1). Let h = t + o. Is h prime?
True
Suppose m - o - 259 = -6*o, -m = 2*o - 244. Suppose 0 = -4*d + m + 34. Is d prime?
True
Let v(j) = j**2 - 1 + 2*j**2 - 4*j**2 - 4 - 9*j. Let m be v(-8). Suppose 2*f + 4*l = 58, -2*f + 2*l + m*l = -94. Is f composite?
False
Let j(i) = 131*i - 3. Let l be j(4). Suppose 6*n - 7*n = -l. Is n prime?
True
Let b(m) = 61*m**2 - m. Is b(-1) prime?
False
Let a = -1966 - -2861. Is a a prime number?
False
Let w be 3/1 + 6/6. Suppose -w*i + 13 = -7. Let f(u) = 11*u**2 + 5*u + 1. Is f(i) a composite number?
True
Let o(t) = t - 4. Let n be o(-3). Let g = -5 - n. Suppose -g = 5*f - 177. Is f a prime number?
False
Let i = -23 + 78. Suppose -2*o = -o - i. Suppose 2*b + o = 3*b. Is b prime?
False
Suppose -4*r - 9 = 3. Is (0 - r)*50/6 a composite number?
True
Suppose 13*b - 25 - 4096 = 0. Is b a prime number?
True
Let d = 1056 - -125. Is d a prime number?
True
Suppose -4*v - 421 = -3377. Is v a composite number?
False
Is ((-18)/(-54))/(4207/4206 + -1) a composite number?
True
Let i(w) = -w - 8. Let d be i(-8). Suppose d*m = -4*m. Is 2 + -2 - (-21 - m) composite?
True
Let y(t) be the second derivative of 0 - 2*t - 3/10*t**5 - 1/6*t**4 - 5/2*t**2 + 1/2*t**3. Is y(-4) a composite number?
True
Let s = 205 + 151. Suppose 0 = -4*b - s + 992. Is b a prime number?
False
Suppose -604 = -5*m - 3*a, 15 = a + 4*a. Is m composite?
True
Suppose -4*a - 1 = -2*x + 9, x = 3*a + 10. Let q(g) = 2*g**2 + 6*g - 1. Is q(a) a composite number?
False
Suppose 2*n + x = 53, 6*x - 109 = -4*n + 5*x. Is (-198)/(-8) + 7/n prime?
False
Let s = 12 + -7. Suppose 0 = -2*i - 4*w + 6, 15 = s*i - w + 4*w. Is ((-1)/i)/((-1)/237) composite?
False
Suppose -w + 493 = -1452. Is w a composite number?
True
Let s(h) = 0*h - 3*h - 6*h + 1. Is s(-2) prime?
True
Suppose 4*r = 3*r + 77. Let y = r - 40. Is y composite?
False
Suppose 0 = 4*o - 0*o + 2904. Let s be (-8)/(-6)*o/(-4). Suppose f - s + 87 = 0. Is f a prime number?
False
Let h be 1/(2/18 + 0). Let s = -6 + h. Is 7/s*(-27)/(-3) a composite number?
True
Let m(b) = 3*b**2 + 12*b + 5. Is m(-12) prime?
True
Let p(a) = a - 1. Let k(o) = -o + 4. Let q(i) = -k(i) - 2*p(i). Let m be q(-2). Suppose m*b - 268 = -4*b. Is b a prime number?
True
Let f(i) = -i**3 + 9*i**2 - 8*i + 4. Suppose 0 = -4*p - 5*s + 23, 5*p + 0*s - s = 65. Let k = p + -4. Is f(k) a composite number?
True
Suppose 0 = i - 5*i + 44. Is i a prime number?
True
Suppose 3*z + 2*c = 567, 3*z = -z + 3*c + 773. Is z a prime number?
True
Let f(m) = 23*m**3 + m**2 - 1. Let y be f(1). Suppose -3*h - y = -218. Is h a prime number?
False
Let q be (-10)/(-4) - 2/(-4). Let k = 22 + -19. Suppose -37 = -q*x - 3*z + z, 3*x - k*z = 57. Is x prime?
False
Let j(d) = d + d - d + 0. Let k be j(5). Suppose -645 = -5*o - k*w, 5*w - 357 = -3*o + 26. Is o composite?
False
Let h(c) = -c**3 + 3*c**2 + 1. Let m be h(3). Suppose -m = y + 2, -3*y = 3*t - 456. Is t composite?
True
Let h be 6*-4*2/(-12). Let w = 11 + -11. Suppose 2*o - h*m - 198 = 0, -4*o + w*m = -m - 368. Is o a composite number?
True
Let z = 2037 + -978. Is z composite?
True
Suppose 5*j = -u + 130, 2*j - j = 2*u - 293. Is u prime?
False
Suppose -3*k + k + 8 = 0. Let l = -3 + k. Is ((-669)/(-6))/l*2 prime?
True
Let d(s) = -s**3 - 2*s**2 - s - 4. Let w be d(-3). Let a = w - 4. Is 2169/15 + a/10 composite?
True
Let w(a) = -a. Let q be w(-5). Suppose -q*l = 165 - 455. Is l composite?
True
Let y = 14 - 33. Let i = 9 + y. Is (-1 + -1)*185/i a prime number?
True
Suppose -5*s + n + 8 = 0, -5*n - 4 + 10 = -2*s. Let x(y) = -2*y**2 - y + 9 + 2*y**2 + 0*y**s - y**2. Is x(0) a composite number?
True
Suppose -2*x + x = -5. Suppose 3*n - 10 = -1. Suppose n*z = x*a + z - 433, a + z - 81 = 0. Is a prime?
False
Suppose v - 3*t + 75 = -404, -5*v - 2357 = 4*t. Let i = 696 + v. Is i composite?
False
Let b = 1579 + 178. Is b a prime number?
False
Suppose 2 = -l, -4*y = 2*l - 2600 - 944. Is y a prime number?
True
Let d be 0/(3/3 - -1). Suppose m - 301 - 220 = d. Is m a composite number?
False
Let z(q) = 49*q + 7. Let x be z(6). Let i be (3/(-3) + 7)*2/3. Suppose -x = -3*m + 5*o, i*m = 3*m + 3*o + 103. Is m composite?
False
Let r(a) = -14*a**3 + 4*a**2 + a - 2. Is r(-3) composite?
False
Let k(g) = -3*g + 4. Let l be k(-7). Suppose -d - 38 = -3*n, 2*n - l = -d - 8. Is n prime?
True
Let u(s) be the first derivative of 1 + 19*s - 1/2*s**2 - 1/3*s**3 + 1/4*s**4. Is u(0) composite?
False
Is -4*((-127)/4 + 5 + -3) a prime number?
False
Suppose -d = -5*d. Suppose d = -4*l + 248 + 20. Is l composite?
False
Let h(s) = -9*s - 5. Let b be h(-4). Let p = 66 - b. Is p a prime number?
False
Suppose -521 = -3*i - 5*t, -t + 175 = -2*i + 3*i. Is i a prime number?
False
Suppose 6508 + 1982 = 10*n. Is n composite?
True
Let y(j) = 2*j + 11. Suppose -u + 5*u - 44 = 0. Is y(u) composite?
True
Let c be 1 + 1*(4 - 2). Let b = c + 22. Is b a prime number?
False
Let r = 29 + -31. Suppose n + 0*n = -1, -4*m - 11 = -5*n. Is (r/6)/(m/588) composite?
True
Let l be -15*2/10*-2. Suppose -190 = -l*g + g. Is g composite?
True
Is 970/4*(-10)/(4 + -9) prime?
False
Let w be (2/(-5))/((-3)/(-15)). Is 67/(2 - (-1 - w)) a composite number?
False
Let t be 44/(-8) + 1/2. Let m = -22 - -7. Let l = t - m. Is l prime?
False
Let d = -7 - -12. Let k(c) = 3*c**2 - 3 + 3*c**2 - 4*c**2. Is k(d) composite?
False
Suppose -46 - 57 = -l. Suppose 2*t = d - l, 36 = d - 5*t - 79. Is d composite?
True
Suppose g - 2*g + 58 = 0. Is g composite?
True
Let d(x) be the third derivative of 1/40*x**6 + 1/12*x**4 + 0*x - 1/6*x**3 + 1/30*x**5 + 2*x**2 + 0. Is d(2) a composite number?
True
Suppose 1 = -3*p + 7. Suppose 0*y = p*y - 8. Suppose 0 = -b - y + 15. Is b composite?
False
Let m = 13 - 0. Let v(q) = -q**3 + 15*q**2 - 18*q + 7. Is v(m) a composite number?
True
Let a(i) = -i**3 - 6*i**2 + 3*i - 7. Let r = -18 + 11. Is a(r) a prime number?
False
Let u(q) = -4*q**3 + 2*q**2 + q + 1. Let h be u(-3). Let o be h/6*(3 - 0). Suppose 25 = -5*k, k - o = -w + 2*k. Is w a prime number?
False
Let u(k) = k + 119. Let c(j) = -j**2 + j. Let